67*p + h. What is the highest common divisor of p and 6?
6
Suppose -20*a = -170 - 1810. Suppose -3*t - u = -2*u + 59, -t = 5*u + 25. Let r = -9 - t. What is the highest common divisor of a and r?
11
Let g(d) = -8*d + 117. Let b be g(10). Calculate the highest common divisor of 629 and b.
37
Let z = -176 + 210. What is the greatest common factor of 799 and z?
17
Let y = 4 + -1. Suppose 6 = 5*j + 3*l, -l = l + 6. Suppose f - 26 = -j*s, -156 = -5*f - y*s + 10. What is the highest common factor of f and 140?
35
Suppose -2*f = -3*i + 14, -i - f + 3 = -0*f. Let v be 2/(1 - i/12). Suppose -2*p = v*p - 30. What is the highest common factor of 6 and p?
6
Let f = -378 - -378. Suppose f = 2*g - 4*h - 26, -125 = -7*g + 2*g - 2*h. What is the highest common factor of g and 115?
23
Suppose 63*c = 13*c + 1050967 - 309317. Calculate the greatest common divisor of 26 and c.
13
Let o(h) = -h**3 + 5*h**2 + 9*h - 5. Let k be o(-8). Calculate the greatest common divisor of k and 10.
5
Suppose 106 + 902 = -6*c + 27*c. Calculate the highest common factor of 12288 and c.
48
Let u = 235 - 59. Let r be (((-24)/(-10))/(2/(-55)))/(-346 + 343). Calculate the greatest common divisor of r and u.
22
Let z(w) = -6*w**2 + w - 5. Let k be z(-3). Suppose -2*h - 3*t = 24, h + t - 4*t = -12. Let v = h - k. What is the highest common divisor of v and 10?
10
Let c be -2806*4/(-52) + 32/208. Suppose -4*x - m = 2*m - 82, 2*x - 28 = 5*m. Suppose -x = -y - 11. What is the highest common factor of c and y?
8
Suppose 2*y - 92 = -94. Let a be (1 + -116)*2/5 - y. Let x be (-18)/4*(-3)/(a/(-10)). What is the greatest common factor of 21 and x?
3
Let l = -215 + 227. Suppose 64*x = 69*x - 3180. Calculate the greatest common divisor of x and l.
12
Suppose -5*h - 35 = -2*g, 38*h - 33*h = g - 25. What is the greatest common factor of g and 3610?
10
Let c(l) = 2*l**3 - 28*l**2 + 27*l - 5. Let a be c(13). Suppose 20*r = a*r + 1920. Calculate the greatest common factor of 40 and r.
40
Let y(i) = 9*i**2 + 7*i - 8. Suppose -2*p + 2 = -2*u, 7*u - 2*u - 3*p + 1 = 0. Let k be y(u). Calculate the greatest common divisor of 184 and k.
8
Suppose 0 = 9*z - 230405 - 22081. What is the highest common factor of 166 and z?
166
Let b = 360 - 240. Suppose -2*a - 17 + 29 = 0. Suppose a*x + 120 = 11*x. What is the highest common divisor of x and b?
24
Let n(h) = -19*h - 14. Let c be n(-1). Let s(x) = -4*x**2 + 20*x + 17. Let o be s(c). What is the highest common divisor of o and 272?
17
Let h = -34162 + 34177. Let x = 24 + -14. Let k be (-10)/(-25) + 146/x. Calculate the highest common divisor of h and k.
15
Suppose -11*x = -10*x. Suppose -255*p + 256*p - 868 = x. Calculate the highest common factor of 62 and p.
62
Let s(x) = 20*x - 26. Let k be s(4). Suppose -10*f - k = -16*f. Calculate the greatest common divisor of f and 18.
9
Let g(h) = -3*h**2 + 163*h + 7. Let k be g(50). What is the highest common divisor of 45 and k?
9
Suppose -21*z + 8036 = -112735. What is the greatest common factor of 54 and z?
27
Suppose 3570 + 1047 = 19*w. Let n = w - 205. Calculate the highest common divisor of 209 and n.
19
Suppose 0 = -2*d - 4*y + 568, -42 = -3*d + 4*y + 830. Let f = d - 195. What is the highest common factor of 6 and f?
3
Let r be (-203 - -500)*(-8)/(-6). What is the greatest common factor of 154 and r?
22
Let p(c) = 8*c**3 - 3*c**2 - 6*c + 310. Let s be p(0). Let r = -16 - -78. Calculate the greatest common factor of r and s.
62
Let l be 12/10*220/3. Suppose -2*v + 12 = v, 5*v - 36 = -4*a. Suppose -3*t + 6*d + 23 = 5*d, -33 = -a*t - d. Calculate the greatest common divisor of t and l.
8
Let g(h) = -59*h**3 - 7*h**2 - 20*h - 36. Let j be g(-3). Calculate the greatest common divisor of j and 63.
21
Let w be 8*3/(-36)*-75. Let a = w + -41. Calculate the greatest common factor of 36 and a.
9
Suppose -3*g + 2*b = 6*b - 2101, -b = 5*g - 3513. Calculate the highest common divisor of 19 and g.
19
Let y = -69 - -72. Let h be 9*((2 - y) + -2)/(-1). Let w be (-1 - 100/(-15))*h. Calculate the greatest common factor of w and 17.
17
Suppose -b + 12 = -2*c, 2*b - c + 16 = -5*c. Let v be -3 + 11 - (b + 0). Let r = 357952 + -357940. Calculate the highest common divisor of r and v.
6
Suppose 14*s + 21 = 15*s. Suppose -3*o - 3*i + s = 0, -o - i - 9 = -2*o. Suppose 0 = -3*r - r + o. Calculate the greatest common divisor of r and 4.
2
Let r be 1/3 - (-6)/((-90)/875). Let d = r + 63. Suppose 0*z - 30 = -3*z - 3*w, d*z + 4*w = 49. Calculate the greatest common factor of 27 and z.
9
Suppose -5*h + 145 = -0*h + 3*s, 46 = h + 4*s. Let n be (79 - 1)*(11 + (-136)/16). Calculate the greatest common divisor of n and h.
13
Suppose -9*g + 38 = -16. Suppose 395 - 143 = g*x. Suppose -4*h + x = 5*q, 1 - 7 = -2*q + 2*h. What is the highest common divisor of 54 and q?
6
Let s be 5 + 12*(-38)/(-8). Let c = -50 + s. Calculate the highest common divisor of c and 96.
12
Let g = -162 - -159. Let z be 595 + -5 - (1 + g). Calculate the highest common factor of z and 16.
16
Let w be 28/(16/(-4)) + 4. Let y be (w/(-2))/((-2)/(-32)). Suppose -3*u + f = -789, -2*u + 2*f + 522 = -0*f. Calculate the greatest common divisor of y and u.
24
Let t = 226 + -221. Let k be ((-3510)/216)/(t/(-24)). What is the highest common factor of 6 and k?
6
Let w = -11087 - -12368. What is the greatest common divisor of w and 63?
21
Suppose 1417*x = -2*l + 1422*x + 39, 2*x = -4*l + 114. What is the greatest common divisor of l and 918?
27
Let m = 18161 - 18019. Calculate the greatest common divisor of m and 4402.
142
Suppose 117*y = 413*y - 592. What is the highest common divisor of y and 185?
1
Let h(k) = -k**2 + 23*k - 86. Let c be h(10). Let s = 333 - 157. Calculate the highest common factor of s and c.
44
Let d(m) = 5737*m - 264. Let s be d(4). Calculate the highest common factor of 212 and s.
212
Let v = 27 - 16. Suppose -3*w + 2*g = -757, 760 = 3*w - 918*g + 919*g. What is the greatest common factor of w and v?
11
Let d(c) = 56*c**3. Let f be d(1). Let p be 45/(-10)*(-28)/(-105)*-10. Suppose -4*w - p*w = -112. Calculate the highest common factor of f and w.
7
Let x be (-34)/(-3) - 12 - 86/(-3). Calculate the highest common factor of x and 2674.
14
Let f(x) = -35*x - 15. Let r be f(-15). Suppose r = 25*n - 20*n. Calculate the greatest common factor of 68 and n.
34
Let p = -1859 + 2288. Calculate the highest common divisor of p and 104.
13
Suppose 3*g - 54 - 174 = -2*f, -g + f = -81. What is the greatest common divisor of 78 and g?
78
Suppose 2*s + 4*t = -s - 267, 0 = 3*s - 5*t + 294. Let q = s - -117. Calculate the greatest common divisor of q and 64.
8
Let b = -49 - -54. Suppose -182 = -5*g + u, 1 = -b*u - 9. Suppose o = -2*o - 2*w + 136, 172 = 4*o + 5*w. What is the greatest common factor of g and o?
12
Let z = -35 - -101. Suppose -5*t + 14 = -z. Calculate the highest common divisor of t and 8.
8
Let j(s) = -s + 4. Let k be j(3). Suppose -k = -2*f + 21. Let h = -5861 - -5872. Calculate the highest common divisor of h and f.
11
Let i be (-665)/(-14) - 4/8. Let m be 39 - -4 - 4*-1. Calculate the highest common divisor of m and i.
47
Suppose 0 = 60*s - 575 - 625. What is the greatest common divisor of s and 1060?
20
Let m be 4606378/210 + (-8)/60. What is the highest common divisor of m and 410?
205
Let s be (-7)/((-245)/15485) + 9/(-21). Let c = -302 + s. What is the highest common divisor of 35 and c?
35
Suppose 3*g + 17 = -c + 7*g, -15 = -3*g. Suppose 0 = 4*s + c*s - 63. Suppose 24*p + 27 = 25*p. Calculate the greatest common factor of p and s.
9
Let x = -50 + 77. Let k = 4794 + -4335. What is the highest common factor of x and k?
27
Suppose 465 = 4*p + 11*p. Suppose p*s + 3*s = 680. What is the highest common divisor of 40 and s?
20
Let t(l) = 88*l + 1686. Let r be t(-19). What is the highest common factor of r and 1498?
14
Suppose 0 = -2*n + k + 9, -6*n + 3*n = -4*k - 26. Suppose 4*d = 2*h - 124, -5*d = h - n*h + 47. What is the greatest common factor of 24 and h?
24
Suppose -2*s = -j - 532, 4*j - 249 - 8 = -s. Let o = 281 - s. What is the highest common divisor of o and 4?
4
Suppose -2469*a + 99 + 357 = -4874*a + 2443*a. Let v(u) = u**2 + 5*u. Let r be v(-5). Suppose r = 5*n - 72 - 78. Calculate the highest common factor of n and a.
6
Let a = -107 + 622. Let t = a - 333